+ 15)
69
Calculate -2 + -8 - (9 - (-24 + 3 + -14)).
-54
What is the value of 29 + -4 + (2 - 25) + 5 + 3 + 3?
13
What is the value of 14 + (0 + -12 + 26 - 17) - -43?
54
What is the value of -129 - (123 - 248) - (-3 + 121)?
-122
What is the value of -23 + (51 - (2 + 10)) - -51 - -5?
72
Calculate 92 + -60 + -2 + 5 + 3 + -3.
35
What is the value of 1 - 91 - (-2 - -10) - (24 + (-33 - -6))?
-95
What is the value of (-16 - ((-6 - -3) + 1)) + (80 - (-68 + 52))?
82
Calculate (-35 - (-7 + -17)) + (6 - 5 - -2).
-8
(3400 - 3479) + (77 - 1)
-3
Evaluate -47 + (30 + 5 - 34).
-46
What is -8 + (1 - 4) + (478 - 458) - -17?
26
-7 + (-50 + -5 + (-9 - 0 - -4) - 4)
-71
-10 - (94 - (2 + (-14 - -33) - 18))
-101
What is the value of 2 + -49 - 4 - (-71 + 68 + 2)?
-50
Calculate -2 + -6 + (-17 + (47 - 16) - 12).
-6
What is -10 + 43 + -75 + 62?
20
Evaluate 61 - 165 - -18 - 18.
-104
Calculate 7 - -4 - ((9 - -11) + 1) - -57.
47
(-6 - (1 - 84)) + (-7 - (-30 - -8))
92
(-18 - (6 + -14)) + (-4 + -6 - -13)
-7
5 + (4 - (93 - 95 - (-11 - 0)))
0
Calculate 28 + (-59 - (-48 - -29)).
-12
What is the value of 99 + -50 + (-37 - -27)?
39
What is -24 - ((-66 + 39 - -20) + -111)?
94
Evaluate (2 + 0 - (-17 - (16 - 40))) + -187 + 53.
-139
Calculate 6 - 57 - (-5 + -30 + 13).
-29
What is 1 + 28 - (263 - 250 - ((-1 - -3) + 2))?
20
Calculate (1 - -14) + -1 + 4452 + -4507.
-41
What is the value of -3 - 30 - (62 - (58 - 29))?
-66
Calculate 3 + -2 + -3 + 1 + (-188 + 101 - -74).
-14
-228 - (-170 + -66 + 95)
-87
Calculate -63 + (156 - 123) - 30.
-60
What is the value of 0 + 2 - (-9 - (12 + -18)) - -60?
65
85 - (-6 + 47 + -9 + -28)
81
Calculate (-14 - -12) + -15 - -11 - (-41 - -2).
33
What is 87 + 22 + (0 + 0 - (106 - 90))?
93
-14 + 1 + (-20 - -15) + 16 + 11 + -103
-94
21 + (1 + -10 - (145 + -129)) - -12
8
What is 14 - (-24 + -19) - ((-1 + 7 - 4) + -6)?
61
Evaluate -3 + 11 + -2 + (-1 + -26 - -14) + 18.
11
What is -51 + 14 + -41 - -23?
-55
75 + ((12 + 43 - 54) + 13 + -1 - 13)
75
Calculate -1 - -9 - 4 - 2 - (36 + -17 + 31).
-48
Evaluate 8 - (3 - 3) - 7 - (1 + 52 + 6).
-58
Calculate (-10 - (1 + (-5 - -12)) - -11) + -57.
-64
(-5 - (-60 - -97)) + -29
-71
Calculate (17 - (19 - (-7 + 1))) + 4.
-4
Evaluate -17 + (-39 - ((-816 - -837) + (-20 - 0))).
-57
What is (-4 - ((-3 + -12 - -1) + 13)) + 46?
43
Evaluate (-2 - (-3 - 0)) + (-61 - (-58 - -83)).
-85
Calculate 15 - -3 - (23 + 6 - 63).
52
What is 137 + (3 - -2) + -8 + (55 - (65 + -13))?
137
Calculate (93 - 54 - 27) + (-1 - 4) + 1 + -39.
-31
What is -123 + 124 + (5 - 3 - 21)?
-18
Evaluate (-5 - 3) + 1 - ((16 - -35) + -1).
-57
Evaluate -1 - -51 - (23 + (-16 - 5) + (-8 - -18)).
38
What is -13 - 21 - (3 + -22 + 22)?
-37
-2 + -1 - 38 - (-13 - (-15 + (2 - -9)))
-32
What is the value of (87 - 57) + -32 + -101?
-103
What is -67 - (30 + (-77 - -14))?
-34
Evaluate -44 - (48 + -121) - 7.
22
Calculate -58 + 0 - (-56 - -59) - (10 + 7 + -22).
-56
What is the value of -8 + -112 - (-15 - 14) - (-11 - -1)?
-81
What is the value of 15 + (17 + -32 - -49) + 0 + 1 + 13?
63
What is 15 - (19 - (17 - 30)) - (1 + -2)?
-16
What is the value of -189 - (-71 + -32) - -175?
89
Evaluate -46 + (-87 - -54) - -27.
-52
(-19 - (-17 + -18 - -11)) + (-88 - -4) - 6
-85
What is the value of 13 + -2 - (-61 - (37 - 111)) - (-54 - 0)?
52
Calculate -1 - 0 - (1 + 3 + -2) - (-46917 - -46871).
43
Evaluate (-361 - -380) + -3 + 2 + -54.
-36
What is the value of -65 + 3 + 48 + -3?
-17
What is the value of -12 + 6 + 46 + (-13 - -5 - -10)?
42
Evaluate (-27 - -1) + 2776 + -2794.
-44
Evaluate -21 + (30 - -20) + -15 - (-1 - -17).
-2
Evaluate (-19 - (10 - 21) - 110) + (196 - 191).
-113
Calculate -1 - 8 - (17 + (-15 - (-36 - (9 + -5)))).
-51
What is the value of -2 - (117 - (46 + 23 + -22))?
-72
What is 13 + -5 + (-110 - 1) + -10 + -26?
-139
What is the value of 24 + -170 + 42 + 58?
-46
4 + -8 + 1 + (103 - (-114 + 233))
-19
(-2 - (8 + 21 - -6) - -3) + (5 - 11)
-40
What is the value of 32 + (-3 + 6 - 1) + (50 - 50)?
34
(-3 - (7 - (-5 - (1 + -4)))) + -19
-31
What is the value of (-5 - -4) + (-24 - -36) - (1 + 31) - 10?
-31
What is the value of (16 - 13 - 14 - -36) + -23?
2
What is the value of (122 + -26 - 48) + -11?
37
(4 + -1 - 2) + (-19 - ((5 - -7) + 0))
-30
Calculate -8 - (-9 + 8) - (-133 + 122).
4
Evaluate (10 - 19) + -7 + 3 + (-2 - 19).
-34
-1 + -81 - (-3259 - -3231) - (-6 - -1)
-49
Evaluate 44 + -64 + 7 + 20.
7
What is 13 + (26 - (32 + -20 - 25))?
52
What is 27 + 28 - 123 - 3?
-71
(-1 - 36) + 8 + -4
-33
Evaluate 6 - 5 - (-13 + 8 - 27).
33
220 + -69 + -169 - (17 - 1)
-34
Evaluate (46 - 105) + 92 - 99.
-66
Calculate (237 - 189) + -1 + 50 + -6.
91
Evaluate 50 + -20 + (-21 - -3 - -23) + 11.
46
What is the value of -9 - (26 - (-4 - -25) - (-2 + -18 + 0))?
-34
What is the value of ((44 - 64) + 40 - 52) + 71?
39
Calculate -22 - 98 - (-55 + -109).
44
Evaluate (0 - -3) + (-11 - -32) + -33 - (-1 + 21).
-29
Calculate 99 - (93 + 98 + -126).
34
Evaluate (-22 - -13 - -43) + (129 - 228).
-65
Calculate -22 + 76 + -26 - 55.
-27
(22 - 5 - 2 - (2 + 19)) + 6 + -10
-10
-58 + (31 - -10) - 32
-49
Calculate -15 - (-20 - -4) - (-56 - (-4 - 3)).
50
What is -25 - (44 + -39) - (-13 + (3 - -4 - 4))?
-20
Calculate (-4 - (2 + 1)) + 2849 + -2757.
85
What is 15 + (-12 - -3) - (25 + -5) - 2?
-16
Calculate -20 - (-11 + 4) - (4 + 7 - (1 + -67)).
-90
Calculate -12 + 6 + 12 + 42.
48
Evaluate (116 + -15 - 148) + -37 + 3.
-81
Evaluate 107 - (27 + 108 - 47).
19
What is the value of (44 - 32) + (14 - (20 - (12 - 9)))?
9
What is (-4 - (-1 + 1) - ((-96 - -73) + -55)) + -9?
65
Calculate -7 + (8 - -7) + (-7 - 3).
-2
12 + 22 + (1 - 10) + (-4 - -16)
37
119 + ((2 - 25) + 2 - (1498 - 1504))
104
What is (-21 - -27 - 9) + (7 - 6)?
-2
-20334 + 20307 - ((0 - -1) + -70)
42
What is 1773 - 1857 - (8 - -1) - -21?
-72
What is the value of (-23 - -2 - (-2 + (0 - 0))) + (-412 - -413)?
-18
Calculate (903 - 908) + -31 + 2 + (1 - -2).
-31
What is -34 - (-43 - (-14 + 7)) - (9 + -1)?
-6
95 + -24 - 11 - (6 - 7 - -3)
58
57 - (-24 - -3 - (-176 + 131)) - (-1 + -1)
35
What is the value of -15 + (2 - (-7 - -13)) + (1 - -15)?
-3
Calculate 280 + -301 + (-3 - -104).
80
Calculate -63 - ((9 - -19) + 5 + -62).
-34
What is (-73 + 5 + -27 - -18) + 19?
-58
What is the value of (44 - 29) + 24 + -8 - -27?
58
What is the value of (16 - (25 + -11)) + (-8 - (-14 + 17))?
-9
What is the value of -11 + 34 + (-36 - -14)?
1
Calculate 79 + 64 + -128 + (-2 - -101 - (-2 + 4)).
112
What is 28 + (104 - 34 - 59)?
39
9 + (10 - (-69 + 27 + -17) - 3)
75
What is -7 + -4 + (7 + -1 - (-1 + -5)) + -80?
-79
Evaluate 5 - (9 + 5) - (-47 + -11 - -27).
22
Calculate (2 + 7 - 16) + -10 + 8 + (10 - 0).
1
Evaluate -1 - -58 - (1106 + -1095).
46
Calculate -27 + (-12 - -24) + (11 - (-1 + -80)).
77
(32 - -1) + (3 + 0 - -6)
42
13 + (-5 + (4 - 2) - -8) + (321 - 331)
8
41 - 27 - 0 - (11 + 11)
-8
Evaluate 68 - (6 + -29 + (-35 + 42 - (-7 - 0))).
77
Evaluate 26 - (-15 - (-8 - 10) - 19).
42
What is (34 - -8) + 0 + -1 + (-11 - (16 - 39))?
53
What is (71 + -128 - -62) + (4 - (-22 - -2 - -1))?
28
Calculate 438 + -361 - (159 + -10).
-72
(-40 - (-8 - 0)) + (-122 - -242)
88
What is -8 + (-2 - (-1 - 6)) + 2 + -60 - 13?
-74
Calculate -195 - (-148 - (72 - 112)).
-87
What is -86 - -2 - (-79 + 108 + 4)?
-117
Evaluate -254 + 279 - (-5 + (-54 - -7)).
77
408 + -528 - (4 + 1)
-125
-11081 - -11110 - (-2 + 43)
-12
What is 174 + 67 + -96 - 201?
-56
Calculate -93 + 103 - (-1 - (1 + 4)).
16
Calculate -28 + 63 + -8 + -12.
15
What is 1 - 9 - ((42 - 63 - -13) + 14)?
-14
-1 - -13 - (67 - 56 - 21 - -27)
-5
What is 15 + (40 + -11 - 20) + 0 + 5 + -3?
26
(-9 - 2 - -3) + (-27 - (1 + 0))
-36
Evaluate 1998 + -2007 + 2 + -10.
-17
Evaluate 27 - (30 + 22 + -87).
62
6 + (0 + -45 - (43 - (-2 - -36)))
-48
Calculate 24 - (9 - 4) - -26.
45
What is the value of 15 + (-3 - -3) + (13455 - 13564)?
-94
-3 + 43 + -29 - (-18 - -3)
26
Calculate -30 - (-36 - (-17 + (69 - -4))).
62
Calculate 13 - (-95 + 63 + 67).
-22
What is the value of -9 + (-6 - -2) + -3 + 42 + -12?
14
What is the value of -41 - 11 - (-7 - 13)?
-32
Calculate 67 + (-71 - -120) - 48.
68
Calculate -3 + -66 - (348 + -368) - -108.
59
-17 - ((-62 - 45) + 31)
59
What is the value of -6 - 4 - 7 - (-30 - -12 - -28)?
-27
5508 + -5531 + (0 - -13 - 0)
-10
What is the value of (101 - (175 - 81)) + 96 + -2 + (-1 - -4)?
1